at is the units digit of r?
8
Let o = 131 + -75. Suppose 0*f = -2*f + o. Suppose 0 = 5*n - n - f. What is the units digit of n?
7
Let x be (1/(-2) + 0)*0. Let k be (-155)/(-5)*(-17 - x). What is the tens digit of (-2)/15 + k/(-15)?
3
Let o(m) = 0*m - 7*m + m + 4 - 3. Let d(u) = u**2 - 6*u. Let c(w) = 4*d(w) - 3*o(w). What is the units digit of c(3)?
5
Let v(s) = 2*s**3 - 3*s**2 + 5*s - 3. Let u(q) = -8 + q + 14 + 8. Let k be u(-11). What is the units digit of v(k)?
9
Let u(z) = 2*z**3 - 2*z**2 + 2*z + 1. What is the tens digit of u(4)?
0
Suppose 4*w - q = -0*w - 44, -2*w + 5*q - 22 = 0. Let i = 205 - w. What is the tens digit of i?
1
Suppose -6*x + 2116 = 262. Let u = x - -1. What is the hundreds digit of u?
3
Let s(g) = 80*g**2 - 1. Suppose 0 = -7*j + 3*j. Suppose p + 3*d - 7*d - 11 = 0, -4*p + 2*d + 2 = j. What is the units digit of s(p)?
9
Let f(c) = -c**2 - c + 4. Let z be f(0). Suppose 3*a - z = 2. Suppose 0 = -5*w + a*r + 80, 4*w + r - 102 + 38 = 0. What is the tens digit of w?
1
Suppose -3*n - 4*n = -1505. Suppose 3*z = k + n + 512, -2*k = 2*z - 474. What is the hundreds digit of z?
2
Let s(d) = d**2 - 17*d + 8. Let c(h) = h**2 - h + 1. Let n(u) = 4*c(u) - s(u). What is the units digit of n(6)?
2
Let t = 12 - 12. Let r(a) = a**3 + a**2 + a + 83. What is the units digit of r(t)?
3
Let s(p) = p**3 + 2*p + 9. Suppose -3 = -3*o + 3*a, 7 = 5*a - 8. What is the tens digit of s(o)?
8
What is the units digit of (1 + (79 - -2))*6/2?
6
Suppose -11*n - 4743 = -28*n. What is the hundreds digit of n?
2
What is the hundreds digit of (-6527331)/(-5290) + (-1 - (-22)/20)?
2
Let m(q) = 128*q**2 + 62*q + 22. What is the thousands digit of m(4)?
2
Let k(l) be the first derivative of -51*l**2/2 - l + 30. What is the units digit of k(-2)?
1
What is the tens digit of (162/15)/3*(-1860)/(-12)?
5
Suppose 5*b = -y + 21, 2*b + 2*y + 2 = 4. Suppose 0 = 2*r - 3*x - 20 - 43, -b*x = -15. What is the tens digit of r?
3
Let s(m) = m**3 - 11*m**2 - 10*m - 17. Suppose -t - t = -24. What is the units digit of s(t)?
7
Let q = -327 - -782. What is the units digit of q?
5
Let c = 104 + -34. Let b(l) = -4*l**3 - l - 1. Let r be b(-1). Suppose -r*z + c = -98. What is the tens digit of z?
4
Let a be 332/20*(4 - -1). Let u = 4 + 1. Suppose 0 = -5*s + 4*z + a, 3*s + 0*z + u*z = 72. What is the tens digit of s?
1
Let c = -285 - -594. What is the units digit of c?
9
Let k(f) = f**2 + f - 1. Let h(l) = 2*l**2 - 18*l - 5. Let x(v) = h(v) - 3*k(v). What is the tens digit of x(-19)?
3
Let h(x) = x**3 - 6*x**2 - 7*x. Let v(p) = -p**3 - 9*p**2 + 8*p - 13. Let n be v(-10). Let r be h(n). Suppose r = 2*g - 157 + 45. What is the tens digit of g?
5
Let g(c) = -4*c**3 + c**2 + 2*c - 2. Let w be g(-2). What is the tens digit of -4 - (-2 - -1 - w)?
2
Let q(f) = -11 + 10*f - 4*f + 6 - 29. What is the units digit of q(14)?
0
Let y = -353 - -3237. What is the hundreds digit of y?
8
Let o(i) be the third derivative of 17*i**6/120 + i**5/60 - i**4/24 + i**3/6 - 4*i**2. Let m be o(1). Suppose -m = -q - 6. What is the units digit of q?
2
Let l = 1000 - 596. What is the tens digit of l?
0
Suppose -4*g = 4*u + 2500, 3*g - 2*g = -2*u - 1255. Let h be 1/4 - u/40. Suppose -2*x = -3*x + h. What is the units digit of x?
6
What is the tens digit of ((-1804)/6)/(12/(-18))?
5
Let i = -7 + -1. Let b = i - -6. What is the units digit of ((-2)/(-5))/(b/(-5))?
1
Let z(w) be the third derivative of 13*w**5/60 + w**4/8 + w**3/3 - 12*w**2. What is the units digit of z(-1)?
2
Let t(p) = -p**3 + 10*p**2 - 10*p + 15. Let b be t(9). Suppose b*j + 25 = 571. What is the units digit of j?
1
Let f = -117 - -535. What is the units digit of f?
8
Let o be (-1)/3*(-4 + -2). Let v be (-14)/(-8) - (-2)/8. Suppose v*z = -o*z + 40. What is the units digit of z?
0
Let r = -13 - -18. Suppose 0 = r*o - 4*o + 11. Let p(u) = -u + 10. What is the tens digit of p(o)?
2
Let j(y) = -3*y**3 - 5*y**2 - 23*y - 180. What is the thousands digit of j(-10)?
2
Let d = -40 - -90. Let o be d/18 - (-2)/9. Suppose o*j = j + 70. What is the tens digit of j?
3
Suppose -9 = 13*w - 35. Let d = 3 + -3. Suppose 0*k + 4*o = -2*k + 80, d = w*k - 3*o - 80. What is the units digit of k?
0
Let f = 2505 - 1853. What is the units digit of f?
2
Suppose 4*y + 5*z + 0*z - 423 = 0, 2*z + 346 = 3*y. What is the tens digit of ((16/(-4))/(-2))/(2/y)?
1
Let i(o) = 6*o**2 - 4*o + 5. Let v be i(6). Let h = v + -139. Suppose g - 3*g + h = 0. What is the units digit of g?
9
Let x be 1 + -3 + 15 + 1. Suppose 3*q - x = -2. Suppose 77 - 9 = q*a. What is the units digit of a?
7
Let b = -1003 + 1854. What is the units digit of b?
1
Suppose 2*g - 4 = -0. Let h(m) = 3*m**2 + 4*m**3 - 9*m**g - 5*m**3 - 4 - 3 - 7*m. What is the units digit of h(-5)?
3
Let i = -2157 - -3203. What is the hundreds digit of i?
0
Let f be (0*(-4)/(-8))/(-1). Suppose f = -4*h - 4*z + 232, -h - 5*z = -18 - 40. What is the tens digit of h?
5
Let s(i) = 24 - 37 + 3*i + 160 - 2*i. Let r be s(0). Suppose 13 = 4*u - r. What is the tens digit of u?
4
Suppose -8*v + 3*v + 300 = -5*c, 5*c - 204 = -4*v. Suppose 0 = -m - m + v. What is the units digit of m?
8
Let r(p) = 14*p**2 - p + 47. What is the hundreds digit of r(7)?
7
Suppose 2428 = 11*b - 7*b. What is the tens digit of b?
0
Suppose 5*m - m - 720 = 0. Suppose 3*k + k = m. What is the tens digit of k?
4
What is the units digit of 142/3*171/38?
3
Let k(y) = 2*y - 20. Suppose 2*j = -j + 33. Let m be k(j). Suppose -h + 31 = -4*s, 19 = m*h - h - s. What is the units digit of h?
5
Let z(t) = 5*t**2 - 40*t - 392. What is the thousands digit of z(-19)?
2
Let l be (-108)/15*40/12. What is the tens digit of (-2788)/l - ((-4)/(-24) + 0)?
1
Let j(t) = -17*t. Let f(s) = 17*s. Let q(n) = -2*f(n) - 3*j(n). Let b = -313 + 315. What is the tens digit of q(b)?
3
Let i(x) = 13 - 2 + 4*x + 4*x + 2 - x**2. Let f be i(9). Suppose f*g = -3*w + 75, 9*w - 4*w = -3*g + 114. What is the units digit of w?
1
Let v be 16/(-40) - 2873/10*2. Let j = v + 824. What is the hundreds digit of j?
2
Let w(n) = 102*n - 17. Let o be w(-3). What is the hundreds digit of (-6)/(-7)*(-8 - o)?
2
What is the tens digit of (-178)/((-12)/(-6))*-15 - -1?
3
Suppose 5*s = 0, -p = -s - 3*s. Suppose 4*d - 94 + 238 = p. Let h = -9 - d. What is the tens digit of h?
2
Let g(w) = -668*w**3 - w**2 - 7*w - 4. What is the thousands digit of g(-2)?
5
Let m be (-4)/(-12)*199*3. Suppose 5*f + 42 - m = 3*b, b - 65 = -2*f. What is the tens digit of f?
3
Suppose 2*f = 7*f + 4*n - 32, -f - 3*n = -13. Suppose -2*m - 18 = -f. What is the units digit of (-61)/m + (-20)/(-70)?
9
Let f(g) = -g**3 - 2*g**2 + 6*g + 3. Let o be f(-4). Suppose 0 = 10*x - o*x + 78. What is the tens digit of x?
7
Let h be 9/18*2/(-2)*-6. Suppose h*l - 2*a - 787 = 0, 6 = -3*a - 0. What is the tens digit of l?
6
Let i(n) = 2*n**2 - 17*n - 11. Let h be i(9). Let v(r) = -11*r**3 - 2*r**2 + 1. What is the tens digit of v(h)?
8
Let l be (228/6)/(2/4). Suppose l - 8 = i. What is the units digit of i?
8
Suppose o - 331 = -n, -14*o + 4*n = -15*o + 331. What is the tens digit of o?
3
Let n(a) = 2*a + 6. Let j(t) = 1. Suppose 2*q = -4*v + 12, v + 3 = -2*q - 0*v. Let r(i) = q*j(i) + n(i). What is the tens digit of r(10)?
2
Let v = -20 - -21. Let s be (-3 + v)*1/(-2). What is the units digit of (2 + s)/(2/18)?
7
Suppose 5*k = 3*d + 41 + 176, 0 = -3*k - 2*d + 115. Suppose 3*l + 468 = 3*f, f + 3*l - 50 - 118 = 0. Suppose -f = -44*p + k*p. What is the tens digit of p?
5
Suppose 496 = 19*m - 14400. What is the units digit of m?
4
Let p(a) = -32*a**3 + 2*a + 6. What is the units digit of p(-2)?
8
Let t be (-42)/8 - 7/(-28). Let r = t - -1. What is the units digit of (4 - 0) + (-136)/r?
8
Let p be (-3 - 1) + (-7)/7. Let x be (-88)/(-55) + (-2)/p. Suppose -x*u - 75 = -5*u. What is the units digit of u?
5
Let h = 631 + -365. What is the hundreds digit of h?
2
Let s(r) = -r**3 - 6*r**2 - r - 1. Let h be s(-6). Suppose -4*t = -3*a - 39, 6*t - 1 = h*t - a. Suppose -t*i = -i - 30. What is the units digit of i?
6
Let x(p) be the first derivative of 3*p**2 + 12*p - 13. What is the tens digit of x(2)?
2
Suppose -5*l + 4*v = 493, -3 = -4*v + 5*v. What is the hundreds digit of (2 + -7 + l)*3/(-2)?
1
What is the hundreds digit of (-2)/(48/(-142392)) - (1 + 0)?
9
What is the hundreds